d(-43). Calculate z(r).
4
Let p(i) = -6*i + 5. Let c(n) = -3*n + 2. Let v = -116 + 111. Let k(x) = v*c(x) + 2*p(x). Let j = 2 + -6. What is k(j)?
-12
Suppose 0 = 33*a + 197 + 21 + 46. Let q(b) = b - 18. What is q(a)?
-26
Let q(s) = s**3 - s**2 + s + 39. Suppose -f - 2 = 3*d, 0 = 3*f + 7*d - 5*d - 1. Let z be f/(-12) + 4/48. What is q(z)?
39
Let q(o) = -4*o + 115. Let i be q(30). Let y(u) = 11*u**2 + 12*u - 17. Let l(j) = 7*j**2 + 8*j - 11. Let m(n) = -8*l(n) + 5*y(n). What is m(i)?
-2
Let d(j) = 999*j + 42. Let w be d(4). Let p(m) = 12*m + m**2 - 4032 + m + w. What is p(-13)?
6
Let s(y) = -6*y + 81. Let z = 1428 + -1414. What is s(z)?
-3
Let s(w) = -48*w + 1. Let t(b) = 717*b - 38. Let p(n) = -15*s(n) - t(n). What is p(0)?
23
Let f(h) = h - 1. Let n be f(6). Let d(b) = -b - b + n + b**2 + 9*b. Let l = 5772 - 5777. What is d(l)?
-5
Suppose -12885*p + 245 = -12836*p. Let o(i) be the third derivative of 0*i + 0 + 40*i**2 + 11/6*i**3 + 5/12*i**4 + 1/60*i**p. What is o(-9)?
2
Suppose 4*u + 3*g - 36 = g, 5*g + 45 = 5*u. Let b(k) = u*k + 19*k - 13*k + 2 + 3*k. Give b(-2).
-34
Let j be -7 + -4*18/24*-2. Let g(t) = 67*t**2 - t - 2. What is g(j)?
66
Let f = 41 - 37. Suppose -r + 2 = -f. Let s(n) = 50*n - 1 - 7*n**3 + 7*n**2 - 58*n + 6*n**3. Calculate s(r).
-13
Let w(u) = -u + 8. Let n(f) = -3*f + 23. Let x be 75/21 + 168/(-294). Suppose 0 = -4*b + 1 - 33. Let r(g) = b*w(g) + x*n(g). Calculate r(4).
1
Suppose -4*v + 6*s - 2*s = -36, 15 = -3*s. Let x(y) = -y**3 + 9*y**2 + 6*y - 9. Let p(t) = 3*t**3 - 26*t**2 - 18*t + 26. Let g(i) = v*p(i) + 11*x(i). Give g(5).
-25
Let q(r) be the second derivative of -1/12*r**4 + 0*r**2 + 12*r + 7/2*r**3 - 1/360*r**6 + 0 - 3/40*r**5. Let j(l) be the second derivative of q(l). Give j(-8).
6
Let q(x) = 43704*x - 87406*x + 43709*x + 49. Determine q(-8).
-7
Let b(m) = 2*m**3 - 47*m**2 + 20*m + 74. Let f be b(23). Let q(j) = 18*j - 56*j + 1 + 22*j + 17*j. Determine q(f).
6
Let b be 15/((-90)/12) + -1. Let g(f) = -f**3 - 3*f**2 - 3*f - 5. Determine g(b).
4
Let m(n) = -45*n - 18 - 34 + 22*n - 1 + 26*n. Determine m(20).
7
Let c(f) = 0*f + 25 - 2*f - 9 - 13 - f**2. Suppose -g + 12 = -2*k, k + 6*g - g = -17. Determine c(k).
-32
Let s be ((-15)/(135/(-18)))/(2/(-9)). Let o(n) = -n**3 - 8*n**2 + 11*n + 21. Calculate o(s).
3
Let u(n) = n**3 - 113*n**2 + 936*n + 12. Let r be u(104). Let z(j) = 6*j**2 - 73*j + 19. Calculate z(r).
7
Let k(i) = i**3 + 4*i**2 - 4*i - 7. Let n(t) = 6*t - 2*t**2 + 3*t + 0*t - 66 + 52. Let m be n(3). Calculate k(m).
-12
Let l(i) be the third derivative of -i**5/20 + 5*i**4/12 - i**3/6 + 10*i**2 + 120. Give l(5).
-26
Let j = -1 + -2. Let a(i) = -8*i**3 - 2 - i**2 - 16*i - 2*i**2 + 11*i. Let w(m) = -m**2 - m - 1. Let n(u) = j*w(u) + a(u). Give n(1).
-9
Let u(m) be the third derivative of m**6/120 + m**5/30 - m**3/6 - 131*m**2 + 6. Calculate u(1).
2
Let o(u) be the first derivative of 7*u**2/2 + 145*u + 2484. Determine o(0).
145
Let y(f) = f - 14. Let i be 4 - ((-6)/(-12))/((-1)/(-4)). Let b be 0/30*i/(-4). Determine y(b).
-14
Let u(p) = 16*p**2 - 14*p + 8. Let v(z) = 3*z**2 - 3*z + 2. Suppose -15*l + 34 = 4. Let g(y) = l*u(y) - 11*v(y). Give g(6).
-12
Let d(l) = -3*l**2 - 5*l - 3. Suppose 5*j - 27 = -t, 7*t - 12 = 11*t - 4*j. Suppose 34 = -9*z - t. Calculate d(z).
-31
Let s(f) = f**3 - 11*f**2 + 4*f - 9. Let m be 16/(-232) + 1380/(-174) + 18. Calculate s(m).
-69
Let m(d) = -d + 4. Let s be (-15)/(-3) + -6 + (-1 - -164). Suppose 2*f - s = -4*o - 0*o, o - 4*f = 45. Suppose -5 = 5*c - 3*j, 2*c + o = -2*c - 5*j. Give m(c).
8
Suppose 22 = -4*g - 18. Let v(s) be the third derivative of s**5/60 + 5*s**4/12 - s**3/2 + 755*s**2. Calculate v(g).
-3
Let h be (-3)/60*-12 + (-231)/(-165). Let a(k) = -30*k + 2. Determine a(h).
-58
Let k(x) = -11*x + 3. Let a(o) = -27*o + 12. Let b(h) = -9*h + 4. Let r(n) = -2*a(n) + 7*b(n). Let g(y) = -4*k(y) + 5*r(y). Give g(8).
0
Suppose 4*z = -4*g - 8, -5*z = -13*g + 14*g + 22. Let d(r) = -5*r**2 - r + 2. Determine d(g).
-46
Let c = 133 + -122. Let f = c + -16. Let b(s) = -s - 6. Give b(f).
-1
Let p(c) = -c**3 - 6*c**2 - 8*c - 5. Suppose 338*t - 140 = 345*t. Let j be t/4 + ((-24)/4 - -6). Determine p(j).
10
Suppose 5*s = 4*o - 4, 5*o = -3*s + 4*s + 5. Let p be 3/2*4/2. Let b(z) = 4*z**2 + 9*z + 8. Let w(h) = -h**2 + 1. Let k(a) = o*b(a) + p*w(a). Calculate k(-8).
3
Let u(t) = 6*t + 83 + 83 - 163 + t**3 + 7*t**2. Calculate u(-6).
3
Let x(j) be the third derivative of j**5/20 + j**4/24 + j**2 - 3617*j. Calculate x(-2).
10
Let m(q) be the first derivative of 4*q**3/3 - 2*q**2 - 2*q - 4487. Calculate m(-4).
78
Let l(y) be the second derivative of y**5/20 + 2*y**4/3 + 3*y**3/2 + 2*y**2 - y - 524. Give l(-8).
-68
Let z be -3 + 5 + 2/(-1). Let h(m) = 10785*m - 21575*m + 10789*m - 7. What is h(z)?
-7
Let d = 300 + -295. Suppose 8 = -4*y + 5*z, 0*y - 5*y + 35 = d*z. Let a(b) = -4 + 6 + 2*b - b**2 + 0*b. Give a(y).
-1
Suppose -2*k - 215 = 3*k. Let q = -15 - k. Suppose -3*o = 2*u - 10, 2*u + 2*o - q = -2*u. Let y(l) = -l**2 + 7*l + 9. What is y(u)?
1
Let m(a) = -a + 3. Let s(d) = -319*d + 31 - 330*d + 646*d. Let b be s(12). Give m(b).
8
Let j(c) = 9*c**2 + c. Let h(k) = 12*k**2 - 13*k**2 + 7*k + 5*k + 4*k + 2. Let u be h(16). Let v = u - 3. Give j(v).
8
Suppose 140 = 18*f - 32*f. Let w(m) = m**3 + 8*m**2 - 17*m + 33. Calculate w(f).
3
Let z(w) = -2*w + 14. Let j be z(6). Suppose 4*q - j = 6. Suppose 0 = -q*k - 1 - 5. Let m(b) = b**2 + 4*b - 1. Calculate m(k).
-4
Let t be 144 - 143 - -9*(-1 - -2). Let a(r) = -r**3 + 11*r**2 - 10*r + 18. Calculate a(t).
18
Let v(r) be the second derivative of -1/12*r**4 - 90*r + 2/3*r**3 - 1/2*r**2 + 0. Calculate v(3).
2
Suppose -10*u = -6*u - 8. Suppose -u*m = 5*m - 91. Let q(z) = z**3 + 9 + 4*z**2 - 5 - m*z + 17*z. What is q(-3)?
1
Let r(i) be the first derivative of -9/2*i**2 + 5/3*i**3 - 14*i - 333 + 1/4*i**4. Determine r(-6).
4
Let o(r) = -6 - 9 + 3*r**2 + r + 14 - 2*r**2 + 0*r**2. Let j(g) = 6*g**2 - 4*g + 3. Let m(y) = j(y) + 2*o(y). Give m(1).
7
Let z(s) be the third derivative of 2*s**5/15 - s**4/12 - 957*s**2. Calculate z(-1).
10
Let n(m) = m + m**2 + 2*m + 5 + 2*m. Let r be -7*10/560 - 2/(-16). Suppose -3*d + 5*j - 20 = 0, -2*d - 3*d - j - 24 = r. Calculate n(d).
5
Let f(s) = 1 + 9426*s**3 - 1 + 2 + 4*s**2 - 4707*s**3 + 2*s - 4718*s**3. Let y(t) = t + 2. Let x be y(-6). Give f(x).
-6
Let j(f) = 2 - 186*f - 1 + 185*f - f**2. Let h(q) = 5*q**2 - 5*q + 5. Let t(a) = h(a) + 4*j(a). What is t(8)?
1
Let d be 4 - -2*(-45)/18. Suppose -8*q = -c - 3*q - 13, 3*c + 5*q - 21 = 0. Let y(o) = -7*o + c + 5 - 5*o - 6. Give y(d).
13
Let t(a) = a - 4. Suppose -4*p + 64 = -4*v, 4*v + 0*v - 2 = -2*p. Suppose -4*b - 14 = -2*h, 2*b + 15*h + p = 20*h. Determine t(b).
-7
Let x = 12020 - 12045. Let i(b) = b**2 + 23*b - 28. Calculate i(x).
22
Suppose -41 = -5*a - 4*x + 12, -2*x = -4*a + 58. Suppose -24 = a*h - 63. Let t(g) = -g + 3. What is t(h)?
0
Suppose 0 = 4*c + 7*n - 2*n - 5, 0 = 5*c + 5*n - 5. Let m(q) = -q**3 + q**2 - 3*q + 64. What is m(c)?
64
Let q(f) be the second derivative of 2*f**2 - 2/3*f**3 - 1/20*f**5 + 0 - 9*f - 1/2*f**4. Suppose 5*c = 3*c - 10. Determine q(c).
-1
Suppose 4*n - 12 - 8 = 4*x, -5*x = -3*n + 7. Suppose -n = -126*o + 127*o. Let a(r) = -r**3 - 9*r**2 - r - 5. Give a(o).
4
Let t(f) = -11*f + 1 + 0*f - 2. Suppose 5*r = 5*h + 20, -7 + 9 = 2*r + 4*h. Let o(l) = -13*l - 1. Let d(n) = r*t(n) - 4*o(n). Give d(-1).
-18
Let w(b) = -7*b - 1. Let c be 15/105 + 250/14. Let f be 8/c - 136/(-18). Suppose -4*m + 8 = 0, -3*m = p + 2*m - f. Determine w(p).
13
Let p = 163 - 159. Let y(b) = 0*b - 90*b**2 + p*b - 6 + 91*b**2. Determine y(-5).
-1
Let b(a) be the first derivative of -4*a**3/3 - a**2/2 + 1475. Let c = -3 - 0. Determine b(c).
-33
Let i(b) = -b**3 + 24*b**2 + 24*b + 31. Let h be i(25). Let a(q) = h*q + 11 - 17 - 3*q - q. Calculate a(6).
6
Let u(a) = a**3 - a**2 - 16*a - 19. Let t be u(5). Let p(l) = -11*l**2 + 6*l - 6. Let r(d) = -4*d**2 + 2*d - 2. Let h(c) = 6*p(c) - 17*r(c). Calculate h(t).
2
Let o(w) be the third derivative of -w**4/4 + w**3/6 + 5*w**2. Let d = 193 - 136. Let p = d + -59. Calculate o(p).
13
Let z(d) = 2*d**2 + d. Let q(r) = -5*r**2 + r - 3. Let a be (-40)/(-30)*3 - (0 + 1). Let p(l) = a*z(l) + q(l). Give p(-4).
-3
Let u = -313 + 334. Let